= b. What is the remainder when y is divided by 36?
29
Let h be 30/75*(-10)/(-4). Let a be (h/2)/(9/54). What is the remainder when 47 is divided by (-3)/((18/(-32))/a)?
15
Suppose 4*c + 6*o - 1956 = o, 0 = -4*c - 4*o + 1952. Let n = c - 346. Suppose l + 20 = 48. What is the remainder when n is divided by l?
26
Let m be (-45)/(-10) - 1*(-2)/(-4). Suppose 3*f = 8*f + 10, m*r = 4*f + 324. Calculate the remainder when r is divided by 27.
25
Suppose -13 = 3*w + 134. Let h = w - -92. Let x = h + -19. Calculate the remainder when x is divided by 9.
6
Let m = -81 + 83. Suppose 0 = -5*l - m*w + 70, -w + 4*w = -l + 14. Calculate the remainder when 2/((6/25)/3) is divided by l.
11
What is the remainder when 1251 is divided by 10/(-1) + (-1140)/(-15)?
63
Calculate the remainder when ((-54846)/(-297))/((-28)/(-138)) + 2/(-14) is divided by 301.
7
Suppose 2*w = 3*u + 64, 4*u = 77*w - 80*w + 28. Calculate the remainder when 1055 is divided by w.
15
Let r = 182 - 177. Suppose 0 = -4*k + r*u + 65, -17 = 3*k + 4*u - 58. Calculate the remainder when 23 is divided by k.
8
Let n = 5812 + -5558. Suppose 0 = -a + 2*f + 22, -a + 3*f = -3*a + 79. Calculate the remainder when n is divided by a.
30
Suppose 15*a = -2*l + 16*a + 15, 5*l = -3*a + 10. Suppose 177 = k + 5*i, -3*k = 9*i - l*i - 553. Calculate the remainder when k is divided by 39.
31
Suppose -10*t = -5 - 75. Suppose -5*b + 5234 = 4*x, -x = b + 4*x - 1030. Calculate the remainder when b/t - (-4)/(-16) is divided by 34.
29
Suppose -2*j - 33 = -19, 5*g = -5*j + 1735. What is the remainder when 1788 is divided by g?
18
Suppose 4*c = -c + 337 + 223. What is the remainder when 1562 is divided by c?
106
Suppose c - 7 = -1. Suppose -c*l = -10*l - 5*z + 739, -l = -z - 196. What is the remainder when l is divided by 24?
23
Suppose 6*j + v = j - 716, -717 = 5*j + 2*v. Let x = 144 + j. Calculate the remainder when 24 is divided by x.
0
Let i = -15905 - -16419. Calculate the remainder when i is divided by 89.
69
Let v be (-1)/(-1) + (-18)/(5 + -11). Suppose -3*r + 6*r = -4*z + 82, 0 = -r - v*z + 22. Calculate the remainder when 145 is divided by r.
25
Let b(a) = 2*a**2 - 66*a + 252. What is the remainder when 78 is divided by b(30)?
6
Suppose 0*w - 5 = 4*w + 3*d, -2*w - 10 = 4*d. Let y be 7*((-10)/(-15) + w/3). Suppose y*j = 6*j + 90. Calculate the remainder when j is divided by 13.
12
Suppose 2*l + 3*f = 152, 5*l - 272 = l + 2*f. Suppose 42 = 4*k - 14. Suppose 11*y + 57 = k*y. What is the remainder when l is divided by y?
13
Let c = 3914 + -1156. What is the remainder when c is divided by 1377?
4
Suppose -21 = -5*z - q, -6*q = 3*z - 3*q - 3. Let h be (-433608)/(-651) - (-2)/(-31). What is the remainder when (-1 - 3)/((-37)/h) is divided by z?
2
Let v(m) = 2*m**2 - 9*m + 5 + 3*m + 0*m**2 + m. Let x be v(2). Suppose -x*b + 3 = 0, 0 = -j - 4*b + 16 + 10. Calculate the remainder when 65 is divided by j.
21
Suppose j + 4*x - 129 = 0, 0 = -2*j + 379*x - 375*x + 198. What is the remainder when 430 is divided by j?
103
Let g(t) = t**2 + 20*t - 47. Let n be g(-22). Calculate the remainder when 1*n - (-72)/(9 + -8) is divided by 21.
6
Suppose -5*g - 22*m = -20*m - 869, 4*g = 4*m + 712. Calculate the remainder when 6822 is divided by g.
172
Let z(q) = 6*q + 32. Let a be z(-6). Calculate the remainder when 8120/16*a/20*-4 is divided by 24.
22
Let u = -701 + 347. Calculate the remainder when 139 is divided by (-1)/(-6) - (-4 - u/(-36)).
13
Let r be (-43)/(-4 + 5 + -2). Let t = 50 - 40. What is the remainder when r - (1 + 4 + -1) is divided by t?
9
Suppose -4*m = 0, 0 = -8*q + 13*q - m - 145. Suppose q*y - 8*y = 1155. What is the remainder when y is divided by 17?
4
Let v(n) = 4*n**2 - 20*n - 195. Calculate the remainder when 223 is divided by v(10).
3
Let v(s) = s**2 + 7*s + 20. Let d = 61 + -68. Suppose -3*q = -8*q + 35. What is the remainder when v(d) is divided by q?
6
Let w(g) = 36*g + 1430. What is the remainder when w(18) is divided by 20?
18
Let t(a) be the first derivative of a**4/4 - 7*a**3/3 + a**2/2 + 14*a - 47. What is the remainder when (-2 - -3) + -2 - -63 is divided by t(7)?
20
Suppose 48*i = 667 + 3029. Suppose 0 = 4*g - 4 - 4. Suppose -5*u = g*u - i. Calculate the remainder when 22 is divided by u.
0
Let b = 399 + 171. What is the remainder when b is divided by 4?
2
Let y = -4341 + 4504. What is the remainder when 1624 is divided by y?
157
Let m(v) = v**3 - 21*v**2 - 8*v - 52. Let p be m(22). Suppose 11*x = 3*x + p. Calculate the remainder when 70 is divided by x.
6
Let a(i) = i**2 - 5*i - 414. Calculate the remainder when a(-22) is divided by 68.
44
Suppose -3*q - 2*q - 5*w = -130, 2*q + w - 53 = 0. Suppose 5*n = 2*z - 123, 201*n = 196*n - 65. What is the remainder when z is divided by q?
2
Let l = -10544 + 10661. What is the remainder when 679 is divided by l?
94
Let u(p) = -p**3 - 6*p**2 - 7*p + 10. Let j be u(-4). Let y(x) = -x**3 + 8*x**2 - 9*x - 5. What is the remainder when y(j) is divided by 5?
3
Suppose 0 = 2*m + 5*f - 244, 0 = -4*f - 796 + 812. Let s(t) = 39*t**2 - t - 1. Calculate the remainder when m is divided by s(-1).
34
Let g = -95 + 161. Suppose t + g = 8. Let j = -38 - t. What is the remainder when 79 is divided by j?
19
Let s = -19167 - -20985. Calculate the remainder when s is divided by 226.
10
Suppose 0 = 5*w - 3*l - 124, 4*l - 8 = 4*w - 104. Let q = 35 - 16. What is the remainder when w is divided by q?
7
Let w(z) = 611*z**2 + 467*z + 10. Calculate the remainder when w(-3) is divided by 196.
188
Suppose 2*t - 671 + 133 = 0. Calculate the remainder when t is divided by 5/((-15)/(-6))*27.
53
Suppose q - m - 187 = -q, -2*q = 5*m - 157. Calculate the remainder when 324 is divided by q.
51
Suppose 163 = 23*m - 343. Suppose 0 = -2*c + 3*c + p - 23, -57 = -4*c + 3*p. Suppose 0 = 20*f - c*f - m. What is the remainder when f is divided by 8?
3
Let q = 14 + 3. Suppose 0 = -q*j + 6*j + 154. Suppose 0 = -5*p + 5*m + 20, -3*p + 2*m + j = 0. What is the remainder when 6 is divided by p?
0
Suppose o + 24 = 5*o + 2*a, 0 = -4*o + a + 18. Suppose -j - 20 = -o*j. Suppose -j*n - 3*n + 472 = 0. Calculate the remainder when n is divided by 10.
9
Let m be (-3*4/(-12))/((-12)/(-36)). What is the remainder when 0/(-4 - m) + 138 is divided by 20?
18
Calculate the remainder when 693 - (-100 + 105)*(-4)/(-5) is divided by 33.
29
Let j(d) = 35*d - 10. Suppose 18 = -2*l - 4. Let o = l + 25. Calculate the remainder when j(1) is divided by o.
11
Let j be (-284)/12 + -2 + (-5)/(-3). Let x = -21 - j. Suppose -x*l = -145 - 23. Calculate the remainder when l is divided by 15.
11
Let r(d) = -d**2 + 34*d - 89. Let o be r(31). Suppose 5*c = -2*m + 654, 7*c = 4*m + o*c - 1282. What is the remainder when m is divided by 81?
79
Suppose 5*w = 3*b - 4*b - 61, 0 = 2*b + 4*w + 92. Let n = 84 + b. Calculate the remainder when 93 is divided by n.
45
Let n = 139 + -77. Suppose 192 = 10*m - 38. Calculate the remainder when n is divided by m.
16
Let l be 3/3*(2 - 0 - 17). Let b = 17 + l. Suppose 2*y + 5*h = -0*h + 65, -b*y + 4*h + 20 = 0. Calculate the remainder when 57 is divided by y.
17
Let h = -1002 - -1035. Let c = h + -26. What is the remainder when 170/3*12/10 is divided by c?
5
Suppose -194 = -13*x + 378. Suppose x - 112 = -2*k. Let j = 58 + k. Calculate the remainder when j is divided by 31.
30
Suppose 0 = -86*b - 76*b + 2916. Suppose 0*u = -3*n + u + 87, 3*u - 159 = -5*n. Calculate the remainder when n is divided by b.
12
What is the remainder when ((-969)/(-95))/(4/200) is divided by 173?
164
Suppose -2*m - 540 = -6*m. Let t = -121 + m. Calculate the remainder when 45 is divided by t.
3
Let z(y) = 163*y**2 + 43*y - 42. Calculate the remainder when 315 is divided by z(1).
151
Let r = -19344 + 19363. Suppose 0 = i - 5*i + 180. Calculate the remainder when i is divided by r.
7
Let q = -11097 - -11155. Let p = 13 - -3. What is the remainder when q is divided by p?
10
Suppose -25 = -3*v - 0*f - f, -2*v = -f - 15. Suppose v*z = 3*z + 120. Let l(h) = 628*h + 1325. Calculate the remainder when l(-2) is divided by z.
21
Suppose 3*b = -5*b + 352. Let q = b + 9. Suppose -2*g = 3*p - 19 - q, -3*p = -3*g + 78. Calculate the remainder when 80 is divided by g.
20
Suppose 0 = -0*w - 3*w + 630. Suppose 2*j - w = 118. Suppose -4*k - j = -216. Ca